 + f. Let v(h) = q*z(h) - 3*r(h). Calculate v(b).
7
Let k(v) be the third derivative of v**7/2520 - v**6/180 + 11*v**5/5 - 36*v**2. Let m(w) be the third derivative of k(w). Determine m(8).
12
Let o(d) = d**3 - 4*d**2 + d. Let t(a) = a**2 - 2*a. Let v(h) = o(h) + t(h). Let x = -4 - 6. Let w = -7 - x. Calculate v(w).
-3
Suppose 3*q + 3*z - 4*z = 18, -24 = -3*q + 3*z. Let k(f) = -q + 2*f**2 + 3*f - 6 + 10. Let s = 146 + -143. Determine k(s).
26
Let n(v) = 6*v**3 - 11*v**2 + 41*v + 28. Let c(a) = -3*a**3 + 5*a**2 - 19*a - 14. Let b(h) = 9*c(h) + 4*n(h). Determine b(-2).
28
Let i(q) = q**2 + q + 5. Let d be i(0). Suppose d*c - 136 = -1. Let z(l) = 17 + 3*l - c + 11. What is z(-3)?
-8
Suppose -8*o = -87 + 23. Let y(p) = -3*p**2 + p**2 + 2*p**2 - o*p - p**2. Let t be (4/4)/((-1)/7). What is y(t)?
7
Suppose -1 - 1 = -f. Let i(j) = -59*j**3 + 42*j**2 - 33. Let c(s) = 7*s**3 - 5*s**2 + 4. Let u(k) = -17*c(k) - 2*i(k). Determine u(f).
-6
Let p(n) = -4*n**2 + 0 - 12*n + 4*n**2 + 6 - 3*n**2. Suppose -19 = 5*x + 315*g - 316*g, 4*x = 5*g + 10. What is p(x)?
-9
Let j(f) = -f**3 + 2*f**2 + 5*f + 29. Let t(z) be the third derivative of z**5/60 + z**4/8 + 22*z**2. Let n(d) = -j(d) + 2*t(d). Determine n(0).
-29
Let b = 0 - 0. Let j(o) = -23*o**3 - 62*o**2 + 46*o + 174. Let r(d) = 10*d**3 + 27*d**2 - 20*d - 76. Let w(u) = 17*j(u) + 39*r(u). Determine w(b).
-6
Let a(q) = 1 + 13*q**2 + 154*q + 72*q - 227*q. Calculate a(1).
13
Suppose 19*m = 265 + 381. Let f be (1/4)/(9/(-2 - m)). Let w(i) = 7*i**3 - i**2. What is w(f)?
-8
Let k(l) = 4*l + 9. Suppose -22*a - 141 = -31. Let u be k(a). Let x(s) = 0*s**2 - 9*s + 11 + 5 - s**2. Give x(u).
-6
Let t(n) = 55 + 155 + 15*n + 4*n + 37*n - 81*n. Calculate t(8).
10
Let c = -56 + 42. Let l(r) = 2*r + 35. Let q be l(c). Let i(s) be the first derivative of -s**4/4 + 2*s**3 + 3*s**2 - 4*s - 30. Determine i(q).
-11
Let r(t) = -10*t**3 - 3*t - 2. Let j = 660 + -661. What is r(j)?
11
Let d(n) be the second derivative of n**4/12 + n**3/6 - n**2/2 - 57*n. Let a(s) = 4*s**2 + 4*s - 5. Let u(z) = a(z) - 2*d(z). What is u(-3)?
9
Let s(b) be the second derivative of -b**5/20 + b**4/12 - b**3/2 + 7*b**2/2 + 120*b + 4. Give s(3).
-20
Suppose 3*y - 152 = 10. Let s(u) = -y + 26 + 2*u - u**3 + 26 + 7*u**2. Let a = 350 + -343. Calculate s(a).
12
Let c(v) = -35*v + 77. Let b(q) = 19*q + 3. Let z(j) = 2*b(j) + c(j). Determine z(-26).
5
Let h(i) = 4*i + 6. Let g be h(-4). Let y(u) = 2*u + 30. Let x(n) = 8*n + 109. Let m(d) = x(d) - 3*y(d). Determine m(g).
-1
Suppose -11*d = 15*d - 364. Suppose 0 = 4*g - 2*z - d, g = -3*z + 32 - 18. Let v(y) = y - 12. Give v(g).
-7
Let b(l) = -l**2 + 8*l - 1. Let z(n) = n**3 + 7*n**2 - 29*n + 6. Let m(f) = -4*b(f) - z(f). Suppose 1 + 2 = d. Let i be (-6)/(-9) - 8/d. Give m(i).
0
Let m(d) = 20*d**3 + d**2 + 3*d - 3. Let o be 5/(-9) - 700/(-450). Give m(o).
21
Suppose 2 - 10 = 4*b - j, -12 = -3*j. Let q(a) be the first derivative of a**3/3 + a**2 + a - 12696. Determine q(b).
0
Let k(b) be the first derivative of -5*b**2/2 + 19*b + 73. What is k(5)?
-6
Let f(r) be the third derivative of -2*r**4/3 - 8*r**3/3 - 4*r**2 - 216*r. What is f(-3)?
32
Let n(i) = i - 5. Let t(k) = -k**3 - 3*k**2 - 9. Let a(j) = -j + 30. Let l be a(-15). Suppose -l + 33 = 3*d. Let g be t(d). What is n(g)?
2
Let z be (13/39)/(5/10 - 94/180). Let m(d) = d**3 + 16*d**2 + 34*d + 282. Give m(z).
-3
Let f = 2 + -1. Suppose 3*r - 6*r + 3 = -3*o, -r + 4 = -2*o. Let t(d) = -11*d**2 - 2. Let y(q) = -31*q**2 - 5. Let v(u) = o*y(u) + 8*t(u). Give v(f).
4
Let g = -95 - -101. Let s(n) = -12*n**2 - 2 - n**3 - 8*n**2 + 2*n - 6*n**2 + 32*n**2. What is s(g)?
10
Let l be ((-9 - -6) + 2)/(2/10). Let u(k) = -4*k - 1. Let i(x) = -3*x - 1. Let h(s) = l*u(s) + 7*i(s). Let q be (2/4)/(2/(-12)). Determine h(q).
1
Let m(p) = -27*p + 160. Let u be m(6). Let s(h) be the second derivative of -h**3/3 - h**2/2 + 2*h + 9. Calculate s(u).
3
Suppose -5 = -w + 5*b, w + 381 - 385 = 4*b. Let c(i) = i**3 - 4*i**2 + 3*i - 23. Determine c(w).
-23
Let a be 34/(-6) - (-146)/219. Let g(n) = -16*n - 3. Calculate g(a).
77
Let t = 8 + -6. Let i = 223 + -221. Let o(p) = -7 - 2*p**2 - p**3 + t*p**3 - 3*p**i. Calculate o(5).
-7
Let u(h) = -h**3 - 13*h**2 + 200*h + 47. Let m be u(-22). Let s(d) be the third derivative of -2*d**2 + 0 - 11/24*d**4 + 0*d + 0*d**m. What is s(-2)?
22
Suppose -29*y - 40*y + 6*y = -693. Let m(x) be the first derivative of -x**4/4 + 4*x**3 - 9*x**2/2 - 10*x - 12. Determine m(y).
12
Let b(x) = x**3 - 19*x**2 + 17*x - 9. Let q be 8*(18/(-3))/((-32)/12). Give b(q).
-27
Let p(t) be the third derivative of -t**6/120 + 2*t**5/15 - 5*t**4/8 + t**3/3 + 604*t**2. Give p(6).
-16
Let w(r) = 4*r**2 - 49. Let z(x) = -4*x**2 - 2*x + 46. Let n(k) = -9*w(k) - 10*z(k). Determine n(-6).
5
Let c(q) = -11*q**2 - 2*q - 2. Let l(i) = -i**3 - 8*i**2 + 88*i + 55. Let y be l(-14). Calculate c(y).
-11
Let v(x) = -5*x**2 - 43*x - 49. Let o be v(-7). Let i(r) = 8*r**3 + r**3 - 6*r**2 + 0*r**3 - 6*r - 8*r**3. What is i(o)?
7
Suppose 0 = 7*j - 18 - 122. Let y be 15/(-25) + (-1528)/j. Let w = y - -82. Let t(s) = -s**2 + 4*s + 2. What is t(w)?
-3
Let o = 73 + -72. Let u be (-7 - o)*3/6. Let d(f) = f - 2. What is d(u)?
-6
Let f(n) = 19*n**2 + 50*n - 13. Let j be f(-3). Let w be 1/(3/54*3). Let i be (-21)/w + (-4)/j. Let h(k) = k**3 + 3*k**2 - 4*k + 5. What is h(i)?
5
Let d(v) be the second derivative of -161*v + 0 - 9/2*v**2 - 1/12*v**4 + 4/3*v**3. Determine d(5).
6
Let b(y) = 30*y**2 - 5*y - 7. Let n be b(3). Let z = n - 256. Let t(h) be the third derivative of -h**4/24 - 3*h**3/2 - h**2. Calculate t(z).
-1
Let h(s) = -15*s**2 - 5*s + 115. Let w(x) = 29*x**2 + 9*x - 192. Let p(c) = -5*h(c) - 3*w(c). Let j = 5 + -4. Determine p(j).
-13
Let f(x) = 17*x + 2. Let g(j) = -j**3 - 33*j**2 - 113*j + 85. Let m be g(-29). Determine f(m).
-32
Suppose 1673*j - 1648*j = -400. Let l(m) = m**3 + 16*m**2 - m + 7. What is l(j)?
23
Let c = 2506 + -2507. Let y = -3 - -4. Let d(a) = -y + 1 - 2*a**2. Calculate d(c).
-2
Let z(s) = -57*s - 395. Let h(i) = -45*i - 316. Let o(t) = -11*h(t) + 9*z(t). Calculate o(-4).
-7
Let n(z) = -z**2 + 2*z + 5. Let k(c) = -c**3 - 5*c**2 + 8*c + 16. Let f(q) = q**3 - 34*q**2 - 34*q - 41. Let o be f(35). Let j be k(o). What is n(j)?
-3
Let q(f) = -5*f**2 + f + 2. Suppose 266 = 5*o - s, 0 = -17*o + 16*o + 5*s + 58. Let g be 1*9 - (60 - o). Give q(g).
-16
Let m = 56 + -59. Let v be (-1)/(m/(-9) - (-87)/(-234)). Suppose 0 = 4*g - 4*o - 20, 3*g + o - 1 = v. Let b(x) = x**3 - 9*x**2 + 9*x - 12. Calculate b(g).
-4
Let i(c) = c**2 + 7. Let j(m) = 2*m + 46. Let x(f) = f - 36. Let d be x(13). Let v be j(d). Let r be ((12/4)/3*v)/1. Determine i(r).
7
Let p(k) be the third derivative of k**6/120 - k**5/4 - 5*k**4/24 + 53*k**3/6 - 16*k**2 - k + 4. Calculate p(15).
-22
Let d(n) = 6*n - 4. Let y be d(1). Let x(g) = -139 - 2*g + 132 + 6*g - y*g. What is x(8)?
9
Let v(t) be the third derivative of t**6/120 - 2*t**5/15 + t**4/4 + 5*t**3/6 + 233*t**2 - t. What is v(7)?
-2
Let x be (-15)/(-20) - (-381)/(-12). Let q = x - -29. Let b(o) = -1 + 22*o + 0 - 24*o + 0. Give b(q).
3
Let l(h) = -h**2 + 13*h - 16. Let a(j) = 37*j - 801. Let d be a(22). Determine l(d).
-16
Let k(v) = -4*v**3 - 2*v**2 - 2*v + 7. Let d(y) = 3*y**3 + 3*y**2 + y - 6. Let n(m) = 3*d(m) + 2*k(m). Suppose -42*p - 480 = 54*p. What is n(p)?
1
Let s(l) = l**2 - 4*l - 27. Let u be s(-8). Suppose 2*n - 3*o - 65 = 0, -2*n - 3*o + 2*o + u = 0. Let h(m) = n*m - 14*m - 17*m - 1 - 9*m. Calculate h(-2).
11
Let y(j) = 9*j + 2. Let z be (32/(-80))/(1/(-10)) - 10. What is y(z)?
-52
Let g(q) = q**2 - 3. Let k(n) = n**3 + 10*n**2 + 4*n + 3. Let t be k(-9). Suppose -t = -16*d - 0*d. Calculate g(d).
6
Let g(a) = 10*a**2 + a - 1. Let s(n) = -2*n + 1 + n**2 - 18 + 13*n. Let b be s(-13). Suppose l + 0*l = 5*r - b, l + 5 = 3*r. What is g(l)?
10
Let f(r) be the first derivative of -r**5/20 + r**4/3 + 5*r**3/6 + 3*r**2 - 10*r - 21. Let s(v) be the first derivative of f(v). Suppose 2 = 2*m - 8. Give s(m).
6
Let d(j) = 3*j**2 + 12*j - 2. Suppose 2*r = 3*v + 14, -111*v + 114*v - 3*r + 12 = 0. Calculate d(v).
34
Let s(p) = 45*p + 280. Let u(i) = -135*i - 838. Let g(l) = 11*s(l) + 4*u(l). Let o be g(-6). Let c(y) = 10*y - 2. Calculate c(o).
-22
Let o(i) be the second de